{"id":874,"date":"2022-09-15T11:40:53","date_gmt":"2022-09-15T09:40:53","guid":{"rendered":"https:\/\/www.eltern-bilinguisme.org\/oeffnung-eines-neuen-standortes\/"},"modified":"2025-09-12T13:35:18","modified_gmt":"2025-09-12T11:35:18","slug":"oeffnung-eines-neuen-standortes","status":"publish","type":"page","link":"https:\/\/www.eltern-bilinguisme.org\/de\/oeffnung-eines-neuen-standortes\/","title":{"rendered":"\u00d6ffnung eines neuen Standortes"},"content":{"rendered":"\n<figure class=\"wp-block-embed is-type-video is-provider-youtube wp-block-embed-youtube wp-embed-aspect-16-9 wp-has-aspect-ratio\"><div class=\"wp-block-embed__wrapper\">\n<iframe loading=\"lazy\" title=\"Comment demander l\u2019ouverture d\u2019un site bilingue paritaire en Alsace ? On vous dit tout !\" width=\"1170\" height=\"658\" src=\"https:\/\/www.youtube.com\/embed\/g5FDtZJS7o8?feature=oembed\" frameborder=\"0\" allow=\"accelerometer; autoplay; clipboard-write; encrypted-media; gyroscope; picture-in-picture; web-share\" allowfullscreen><\/iframe>\n<\/div><\/figure>\n\n<div style=\"height:30px\" aria-hidden=\"true\" class=\"wp-block-spacer\"><\/div>\n\n<div class=\"wp-block-columns is-layout-flex wp-container-core-columns-is-layout-1 wp-block-columns-is-layout-flex\">\n<div class=\"wp-block-column is-layout-flow wp-block-column-is-layout-flow\">\n<h3 class=\"wp-block-heading\"><strong>Steht Ihre Gemeinde noch nicht auf der Liste?<\/strong><\/h3>\n\n\n\n<p><a href=\"https:\/\/www.eltern-bilinguisme.org\/de\/standorte-zweisprachiger-schulen\/\">Auf dieser Seite finden Sie eine Liste der bestehenden zweisprachigen Standorte.<\/a><\/p>\n\n\n\n<p>Es ist m\u00f6glich, dass in Ihrer Gemeinde ein neuer zweisprachiger Standort er\u00f6ffnet wird, wie im vom Bildungsministerium eingerichteten Akademischen Protokoll angegeben.<\/p>\n\n\n\n<p><a href=\"https:\/\/www.eltern-bilinguisme.org\/wp-content\/uploads\/2022\/12\/calendrier_poles_bilingues_2021_2022.pdf\">Akademisches Protokoll 2021\/22 <\/a><\/p>\n\n\n\n<div class=\"wp-block-buttons is-layout-flex wp-block-buttons-is-layout-flex\">\n<div class=\"wp-block-button\"><a class=\"wp-block-button__link wp-element-button\" href=\"https:\/\/framaforms.org\/demande-douverture-dun-pole-bilingue-rentrees-2026-et-2027-1661428432\" target=\"_blank\" rel=\"noreferrer noopener\">Antrag auf Er\u00f6ffnung eines neuen zweisprachigen Bildungsgangs<\/a><\/div>\n<\/div>\n\n\n\n<p><\/p>\n\n\n\n<p class=\"has-text-align-left\"><strong>ACHTUNG <\/strong>: Antr\u00e4ge f\u00fcr die Er\u00f6ffnung neuer Standorte f\u00fcr die Studienjahre 2026 und 2027 k\u00f6nnen nur bis zum <strong>30. Septembre 2025 gestellt werden<\/strong><\/p>\n\n\n\n<div style=\"height:19px\" aria-hidden=\"true\" class=\"wp-block-spacer\"><\/div>\n\n\n\n<p><a href=\"https:\/\/www.ac-strasbourg.fr\/demande-d-ouverture-d-un-pole-bilingue-121841\">Weitere Informationen auf der Website der &#8222;Acad\u00e9mie de Strasbourg&#8220;.<\/a><\/p>\n\n\n\n<div style=\"height:24px\" aria-hidden=\"true\" class=\"wp-block-spacer\"><\/div>\n\n\n\n<h3 class=\"wp-block-heading\"><strong>Setzen Sie sich mit Eltern Alsace in Verbindung: wir werden Ihnen jegliche Unterst\u00fctzung anbieten, um dieses Projekt zum Erfolg zu bringen.<\/strong><\/h3>\n\n\n\n<p>Z\u00f6gern Sie nicht, dar\u00fcber mit anderen zu sprechen: Andere Eltern sind vielleicht auch an diesem Projekt interessiert, aber wissen nicht, an wen sie sich wenden k\u00f6nnen. Je zahlreicher Sie sind, umso gr\u00f6\u00dfer sind die Chancen auf Erfolg f\u00fcr Ihr Vorhaben!<\/p>\n\n\n\n<p><strong>Kontakt :<\/strong> <a href=\"mailto:contact@eltern-bilinguisme.org\" target=\"_blank\" rel=\"noreferrer noopener\">contact@eltern-bilinguisme.org<\/a><\/p>\n<\/div>\n<\/div>\n","protected":false},"excerpt":{"rendered":"<p>Steht Ihre Gemeinde noch nicht auf der Liste? Auf dieser Seite finden Sie eine Liste der bestehenden zweisprachigen Standorte. Es ist m\u00f6glich, dass in Ihrer Gemeinde ein neuer zweisprachiger Standort er\u00f6ffnet wird,&#8230;<\/p>\n","protected":false},"author":2,"featured_media":816,"parent":0,"menu_order":0,"comment_status":"closed","ping_status":"closed","template":"","meta":{"_eb_attr":"","footnotes":""},"acf":[],"yoast_head":"<!-- This site is optimized with the Yoast SEO plugin v20.13 - https:\/\/yoast.com\/wordpress\/plugins\/seo\/ -->\n<title>\u00d6ffnung eines neuen Standortes | Eltern Alsace<\/title>\n<meta name=\"description\" content=\"Steht Ihre Gemeinde noch nicht auf der Liste? Es ist m\u00f6glich, dass in Ihrer Gemeinde ein neuer zweisprachiger Standort er\u00f6ffnet wird\" \/>\n<meta name=\"robots\" content=\"index, follow, max-snippet:-1, max-image-preview:large, max-video-preview:-1\" \/>\n<link rel=\"canonical\" href=\"https:\/\/www.eltern-bilinguisme.org\/de\/oeffnung-eines-neuen-standortes\/\" \/>\n<meta property=\"og:locale\" content=\"de_DE\" \/>\n<meta property=\"og:type\" content=\"article\" \/>\n<meta property=\"og:title\" content=\"\u00d6ffnung eines neuen Standortes | Eltern Alsace\" \/>\n<meta property=\"og:description\" content=\"Steht Ihre Gemeinde noch nicht auf der Liste? Es ist m\u00f6glich, dass in Ihrer Gemeinde ein neuer zweisprachiger Standort er\u00f6ffnet wird\" \/>\n<meta property=\"og:url\" content=\"https:\/\/www.eltern-bilinguisme.org\/de\/oeffnung-eines-neuen-standortes\/\" \/>\n<meta property=\"og:site_name\" content=\"Eltern Alsace\" \/>\n<meta property=\"article:publisher\" content=\"https:\/\/www.facebook.com\/ElternAlsace\" \/>\n<meta property=\"article:modified_time\" content=\"2025-09-12T11:35:18+00:00\" \/>\n<meta property=\"og:image\" content=\"https:\/\/www.eltern-bilinguisme.org\/wp-content\/uploads\/2022\/10\/ELTERN_banniere_ouverture-nouveau-site_2560x860px.jpg\" \/>\n\t<meta property=\"og:image:width\" content=\"2560\" \/>\n\t<meta property=\"og:image:height\" content=\"860\" \/>\n\t<meta property=\"og:image:type\" content=\"image\/jpeg\" \/>\n<meta name=\"twitter:card\" content=\"summary_large_image\" \/>\n<meta name=\"twitter:label1\" content=\"Gesch\u00e4tzte Lesezeit\" \/>\n\t<meta name=\"twitter:data1\" content=\"1\u00a0Minute\" \/>\n<script type=\"application\/ld+json\" class=\"yoast-schema-graph\">{\"@context\":\"https:\/\/schema.org\",\"@graph\":[{\"@type\":\"WebPage\",\"@id\":\"https:\/\/www.eltern-bilinguisme.org\/de\/oeffnung-eines-neuen-standortes\/\",\"url\":\"https:\/\/www.eltern-bilinguisme.org\/de\/oeffnung-eines-neuen-standortes\/\",\"name\":\"\u00d6ffnung eines neuen Standortes | Eltern Alsace\",\"isPartOf\":{\"@id\":\"https:\/\/www.eltern-bilinguisme.org\/de\/#website\"},\"datePublished\":\"2022-09-15T09:40:53+00:00\",\"dateModified\":\"2025-09-12T11:35:18+00:00\",\"description\":\"Steht Ihre Gemeinde noch nicht auf der Liste? Es ist m\u00f6glich, dass in Ihrer Gemeinde ein neuer zweisprachiger Standort er\u00f6ffnet wird\",\"breadcrumb\":{\"@id\":\"https:\/\/www.eltern-bilinguisme.org\/de\/oeffnung-eines-neuen-standortes\/#breadcrumb\"},\"inLanguage\":\"de\",\"potentialAction\":[{\"@type\":\"ReadAction\",\"target\":[\"https:\/\/www.eltern-bilinguisme.org\/de\/oeffnung-eines-neuen-standortes\/\"]}]},{\"@type\":\"BreadcrumbList\",\"@id\":\"https:\/\/www.eltern-bilinguisme.org\/de\/oeffnung-eines-neuen-standortes\/#breadcrumb\",\"itemListElement\":[{\"@type\":\"ListItem\",\"position\":1,\"name\":\"Accueil\",\"item\":\"https:\/\/www.eltern-bilinguisme.org\/de\/\"},{\"@type\":\"ListItem\",\"position\":2,\"name\":\"\u00d6ffnung eines neuen Standortes\"}]},{\"@type\":\"WebSite\",\"@id\":\"https:\/\/www.eltern-bilinguisme.org\/de\/#website\",\"url\":\"https:\/\/www.eltern-bilinguisme.org\/de\/\",\"name\":\"Eltern Alsace\",\"description\":\"Etre bilingue, c&#039;est mettre deux fois plus de chances de son c\u00f4t\u00e9 !\",\"publisher\":{\"@id\":\"https:\/\/www.eltern-bilinguisme.org\/de\/#organization\"},\"potentialAction\":[{\"@type\":\"SearchAction\",\"target\":{\"@type\":\"EntryPoint\",\"urlTemplate\":\"https:\/\/www.eltern-bilinguisme.org\/de\/?s={search_term_string}\"},\"query-input\":\"required name=search_term_string\"}],\"inLanguage\":\"de\"},{\"@type\":\"Organization\",\"@id\":\"https:\/\/www.eltern-bilinguisme.org\/de\/#organization\",\"name\":\"Eltern Alsace\",\"url\":\"https:\/\/www.eltern-bilinguisme.org\/de\/\",\"logo\":{\"@type\":\"ImageObject\",\"inLanguage\":\"de\",\"@id\":\"https:\/\/www.eltern-bilinguisme.org\/de\/#\/schema\/logo\/image\/\",\"url\":\"https:\/\/www.eltern-bilinguisme.org\/wp-content\/uploads\/2022\/08\/logo-footer.png\",\"contentUrl\":\"https:\/\/www.eltern-bilinguisme.org\/wp-content\/uploads\/2022\/08\/logo-footer.png\",\"width\":301,\"height\":178,\"caption\":\"Eltern Alsace\"},\"image\":{\"@id\":\"https:\/\/www.eltern-bilinguisme.org\/de\/#\/schema\/logo\/image\/\"},\"sameAs\":[\"https:\/\/www.facebook.com\/ElternAlsace\",\"https:\/\/www.instagram.com\/elternalsace\/\"]}]}<\/script>\n<!-- \/ Yoast SEO plugin. -->","yoast_head_json":{"title":"\u00d6ffnung eines neuen Standortes | Eltern Alsace","description":"Steht Ihre Gemeinde noch nicht auf der Liste? Es ist m\u00f6glich, dass in Ihrer Gemeinde ein neuer zweisprachiger Standort er\u00f6ffnet wird","robots":{"index":"index","follow":"follow","max-snippet":"max-snippet:-1","max-image-preview":"max-image-preview:large","max-video-preview":"max-video-preview:-1"},"canonical":"https:\/\/www.eltern-bilinguisme.org\/de\/oeffnung-eines-neuen-standortes\/","og_locale":"de_DE","og_type":"article","og_title":"\u00d6ffnung eines neuen Standortes | Eltern Alsace","og_description":"Steht Ihre Gemeinde noch nicht auf der Liste? Es ist m\u00f6glich, dass in Ihrer Gemeinde ein neuer zweisprachiger Standort er\u00f6ffnet wird","og_url":"https:\/\/www.eltern-bilinguisme.org\/de\/oeffnung-eines-neuen-standortes\/","og_site_name":"Eltern Alsace","article_publisher":"https:\/\/www.facebook.com\/ElternAlsace","article_modified_time":"2025-09-12T11:35:18+00:00","og_image":[{"width":2560,"height":860,"url":"https:\/\/www.eltern-bilinguisme.org\/wp-content\/uploads\/2022\/10\/ELTERN_banniere_ouverture-nouveau-site_2560x860px.jpg","type":"image\/jpeg"}],"twitter_card":"summary_large_image","twitter_misc":{"Gesch\u00e4tzte Lesezeit":"1\u00a0Minute"},"schema":{"@context":"https:\/\/schema.org","@graph":[{"@type":"WebPage","@id":"https:\/\/www.eltern-bilinguisme.org\/de\/oeffnung-eines-neuen-standortes\/","url":"https:\/\/www.eltern-bilinguisme.org\/de\/oeffnung-eines-neuen-standortes\/","name":"\u00d6ffnung eines neuen Standortes | Eltern Alsace","isPartOf":{"@id":"https:\/\/www.eltern-bilinguisme.org\/de\/#website"},"datePublished":"2022-09-15T09:40:53+00:00","dateModified":"2025-09-12T11:35:18+00:00","description":"Steht Ihre Gemeinde noch nicht auf der Liste? Es ist m\u00f6glich, dass in Ihrer Gemeinde ein neuer zweisprachiger Standort er\u00f6ffnet wird","breadcrumb":{"@id":"https:\/\/www.eltern-bilinguisme.org\/de\/oeffnung-eines-neuen-standortes\/#breadcrumb"},"inLanguage":"de","potentialAction":[{"@type":"ReadAction","target":["https:\/\/www.eltern-bilinguisme.org\/de\/oeffnung-eines-neuen-standortes\/"]}]},{"@type":"BreadcrumbList","@id":"https:\/\/www.eltern-bilinguisme.org\/de\/oeffnung-eines-neuen-standortes\/#breadcrumb","itemListElement":[{"@type":"ListItem","position":1,"name":"Accueil","item":"https:\/\/www.eltern-bilinguisme.org\/de\/"},{"@type":"ListItem","position":2,"name":"\u00d6ffnung eines neuen Standortes"}]},{"@type":"WebSite","@id":"https:\/\/www.eltern-bilinguisme.org\/de\/#website","url":"https:\/\/www.eltern-bilinguisme.org\/de\/","name":"Eltern Alsace","description":"Etre bilingue, c&#039;est mettre deux fois plus de chances de son c\u00f4t\u00e9 !","publisher":{"@id":"https:\/\/www.eltern-bilinguisme.org\/de\/#organization"},"potentialAction":[{"@type":"SearchAction","target":{"@type":"EntryPoint","urlTemplate":"https:\/\/www.eltern-bilinguisme.org\/de\/?s={search_term_string}"},"query-input":"required name=search_term_string"}],"inLanguage":"de"},{"@type":"Organization","@id":"https:\/\/www.eltern-bilinguisme.org\/de\/#organization","name":"Eltern Alsace","url":"https:\/\/www.eltern-bilinguisme.org\/de\/","logo":{"@type":"ImageObject","inLanguage":"de","@id":"https:\/\/www.eltern-bilinguisme.org\/de\/#\/schema\/logo\/image\/","url":"https:\/\/www.eltern-bilinguisme.org\/wp-content\/uploads\/2022\/08\/logo-footer.png","contentUrl":"https:\/\/www.eltern-bilinguisme.org\/wp-content\/uploads\/2022\/08\/logo-footer.png","width":301,"height":178,"caption":"Eltern Alsace"},"image":{"@id":"https:\/\/www.eltern-bilinguisme.org\/de\/#\/schema\/logo\/image\/"},"sameAs":["https:\/\/www.facebook.com\/ElternAlsace","https:\/\/www.instagram.com\/elternalsace\/"]}]}},"publishpress_future_action":{"enabled":false,"date":"1970-01-01 01:00:00","action":"","terms":[],"taxonomy":"","browser_timezone_offset":0},"_links":{"self":[{"href":"https:\/\/www.eltern-bilinguisme.org\/de\/wp-json\/wp\/v2\/pages\/874"}],"collection":[{"href":"https:\/\/www.eltern-bilinguisme.org\/de\/wp-json\/wp\/v2\/pages"}],"about":[{"href":"https:\/\/www.eltern-bilinguisme.org\/de\/wp-json\/wp\/v2\/types\/page"}],"author":[{"embeddable":true,"href":"https:\/\/www.eltern-bilinguisme.org\/de\/wp-json\/wp\/v2\/users\/2"}],"replies":[{"embeddable":true,"href":"https:\/\/www.eltern-bilinguisme.org\/de\/wp-json\/wp\/v2\/comments?post=874"}],"version-history":[{"count":20,"href":"https:\/\/www.eltern-bilinguisme.org\/de\/wp-json\/wp\/v2\/pages\/874\/revisions"}],"predecessor-version":[{"id":6095,"href":"https:\/\/www.eltern-bilinguisme.org\/de\/wp-json\/wp\/v2\/pages\/874\/revisions\/6095"}],"wp:featuredmedia":[{"embeddable":true,"href":"https:\/\/www.eltern-bilinguisme.org\/de\/wp-json\/wp\/v2\/media\/816"}],"wp:attachment":[{"href":"https:\/\/www.eltern-bilinguisme.org\/de\/wp-json\/wp\/v2\/media?parent=874"}],"curies":[{"name":"wp","href":"https:\/\/api.w.org\/{rel}","templated":true}]}}

Öffnung eines neuen Standortes

<figure class="wp-block-embed is-type-video is-provider-youtube wp-block-embed-youtube wp-embed-aspect-16-9 wp-has-aspect-ratio"><div class="wp-block-embed__wrapper">
<iframe loading="lazy" title="Comment demander l’ouverture d’un site bilingue paritaire en Alsace ? On vous dit tout !" width="1170" height="658" src="https://www.youtube.com/embed/g5FDtZJS7o8?feature=oembed" frameborder="0" allow="accelerometer; autoplay; clipboard-write; encrypted-media; gyroscope; picture-in-picture; web-share" allowfullscreen></iframe>
</div></figure>

<div style="height:30px" aria-hidden="true" class="wp-block-spacer"></div>

<div class="wp-block-columns is-layout-flex wp-container-core-columns-is-layout-1 wp-block-columns-is-layout-flex">
<div class="wp-block-column is-layout-flow wp-block-column-is-layout-flow">
<h3 class="wp-block-heading"><strong>Steht Ihre Gemeinde noch nicht auf der Liste?</strong></h3>



<p><a href="https://www.eltern-bilinguisme.org/de/standorte-zweisprachiger-schulen/">Auf dieser Seite finden Sie eine Liste der bestehenden zweisprachigen Standorte.</a></p>



<p>Es ist möglich, dass in Ihrer Gemeinde ein neuer zweisprachiger Standort eröffnet wird, wie im vom Bildungsministerium eingerichteten Akademischen Protokoll angegeben.</p>



<p><a href="https://www.eltern-bilinguisme.org/wp-content/uploads/2022/12/calendrier_poles_bilingues_2021_2022.pdf">Akademisches Protokoll 2021/22 </a></p>



<div class="wp-block-buttons is-layout-flex wp-block-buttons-is-layout-flex">
<div class="wp-block-button"><a class="wp-block-button__link wp-element-button" href="https://framaforms.org/demande-douverture-dun-pole-bilingue-rentrees-2026-et-2027-1661428432" target="_blank" rel="noreferrer noopener">Antrag auf Eröffnung eines neuen zweisprachigen Bildungsgangs</a></div>
</div>



<p></p>



<p class="has-text-align-left"><strong>ACHTUNG </strong>: Anträge für die Eröffnung neuer Standorte für die Studienjahre 2026 und 2027 können nur bis zum <strong>30. Septembre 2025 gestellt werden</strong></p>



<div style="height:19px" aria-hidden="true" class="wp-block-spacer"></div>



<p><a href="https://www.ac-strasbourg.fr/demande-d-ouverture-d-un-pole-bilingue-121841">Weitere Informationen auf der Website der &#8222;Académie de Strasbourg&#8220;.</a></p>



<div style="height:24px" aria-hidden="true" class="wp-block-spacer"></div>



<h3 class="wp-block-heading"><strong>Setzen Sie sich mit Eltern Alsace in Verbindung: wir werden Ihnen jegliche Unterstützung anbieten, um dieses Projekt zum Erfolg zu bringen.</strong></h3>



<p>Zögern Sie nicht, darüber mit anderen zu sprechen: Andere Eltern sind vielleicht auch an diesem Projekt interessiert, aber wissen nicht, an wen sie sich wenden können. Je zahlreicher Sie sind, umso größer sind die Chancen auf Erfolg für Ihr Vorhaben!</p>



<p><strong>Kontakt :</strong> <a href="mailto:contact@eltern-bilinguisme.org" target="_blank" rel="noreferrer noopener">contact@eltern-bilinguisme.org</a></p>
</div>
</div>

<p>Steht Ihre Gemeinde noch nicht auf der Liste? Auf dieser Seite finden Sie eine Liste der bestehenden zweisprachigen Standorte. Es ist möglich, dass in Ihrer Gemeinde ein neuer zweisprachiger Standort eröffnet wird,&#8230;</p>

<!-- This site is optimized with the Yoast SEO plugin v20.13 - https://yoast.com/wordpress/plugins/seo/ -->
<title>Öffnung eines neuen Standortes | Eltern Alsace</title>
<meta name="description" content="Steht Ihre Gemeinde noch nicht auf der Liste? Es ist möglich, dass in Ihrer Gemeinde ein neuer zweisprachiger Standort eröffnet wird" />
<meta name="robots" content="index, follow, max-snippet:-1, max-image-preview:large, max-video-preview:-1" />
<link rel="canonical" href="https://www.eltern-bilinguisme.org/de/oeffnung-eines-neuen-standortes/" />
<meta property="og:locale" content="de_DE" />
<meta property="og:type" content="article" />
<meta property="og:title" content="Öffnung eines neuen Standortes | Eltern Alsace" />
<meta property="og:description" content="Steht Ihre Gemeinde noch nicht auf der Liste? Es ist möglich, dass in Ihrer Gemeinde ein neuer zweisprachiger Standort eröffnet wird" />
<meta property="og:url" content="https://www.eltern-bilinguisme.org/de/oeffnung-eines-neuen-standortes/" />
<meta property="og:site_name" content="Eltern Alsace" />
<meta property="article:publisher" content="https://www.facebook.com/ElternAlsace" />
<meta property="article:modified_time" content="2025-09-12T11:35:18+00:00" />
<meta property="og:image" content="https://www.eltern-bilinguisme.org/wp-content/uploads/2022/10/ELTERN_banniere_ouverture-nouveau-site_2560x860px.jpg" />
	<meta property="og:image:width" content="2560" />
	<meta property="og:image:height" content="860" />
	<meta property="og:image:type" content="image/jpeg" />
<meta name="twitter:card" content="summary_large_image" />
<meta name="twitter:label1" content="Geschätzte Lesezeit" />
	<meta name="twitter:data1" content="1 Minute" />
<script type="application/ld+json" class="yoast-schema-graph">{"@context":"https://schema.org","@graph":[{"@type":"WebPage","@id":"https://www.eltern-bilinguisme.org/de/oeffnung-eines-neuen-standortes/","url":"https://www.eltern-bilinguisme.org/de/oeffnung-eines-neuen-standortes/","name":"Öffnung eines neuen Standortes | Eltern Alsace","isPartOf":{"@id":"https://www.eltern-bilinguisme.org/de/#website"},"datePublished":"2022-09-15T09:40:53+00:00","dateModified":"2025-09-12T11:35:18+00:00","description":"Steht Ihre Gemeinde noch nicht auf der Liste? Es ist möglich, dass in Ihrer Gemeinde ein neuer zweisprachiger Standort eröffnet wird","breadcrumb":{"@id":"https://www.eltern-bilinguisme.org/de/oeffnung-eines-neuen-standortes/#breadcrumb"},"inLanguage":"de","potentialAction":[{"@type":"ReadAction","target":["https://www.eltern-bilinguisme.org/de/oeffnung-eines-neuen-standortes/"]}]},{"@type":"BreadcrumbList","@id":"https://www.eltern-bilinguisme.org/de/oeffnung-eines-neuen-standortes/#breadcrumb","itemListElement":[{"@type":"ListItem","position":1,"name":"Accueil","item":"https://www.eltern-bilinguisme.org/de/"},{"@type":"ListItem","position":2,"name":"Öffnung eines neuen Standortes"}]},{"@type":"WebSite","@id":"https://www.eltern-bilinguisme.org/de/#website","url":"https://www.eltern-bilinguisme.org/de/","name":"Eltern Alsace","description":"Etre bilingue, c&#039;est mettre deux fois plus de chances de son côté !","publisher":{"@id":"https://www.eltern-bilinguisme.org/de/#organization"},"potentialAction":[{"@type":"SearchAction","target":{"@type":"EntryPoint","urlTemplate":"https://www.eltern-bilinguisme.org/de/?s={search_term_string}"},"query-input":"required name=search_term_string"}],"inLanguage":"de"},{"@type":"Organization","@id":"https://www.eltern-bilinguisme.org/de/#organization","name":"Eltern Alsace","url":"https://www.eltern-bilinguisme.org/de/","logo":{"@type":"ImageObject","inLanguage":"de","@id":"https://www.eltern-bilinguisme.org/de/#/schema/logo/image/","url":"https://www.eltern-bilinguisme.org/wp-content/uploads/2022/08/logo-footer.png","contentUrl":"https://www.eltern-bilinguisme.org/wp-content/uploads/2022/08/logo-footer.png","width":301,"height":178,"caption":"Eltern Alsace"},"image":{"@id":"https://www.eltern-bilinguisme.org/de/#/schema/logo/image/"},"sameAs":["https://www.facebook.com/ElternAlsace","https://www.instagram.com/elternalsace/"]}]}</script>
<!-- / Yoast SEO plugin. -->

Öffnung eines neuen Standortes | Eltern Alsace

Steht Ihre Gemeinde noch nicht auf der Liste? Es ist möglich, dass in Ihrer Gemeinde ein neuer zweisprachiger Standort eröffnet wird

Etre bilingue, c&#039;est mettre deux fois plus de chances de son côté !
